{"id":4463,"date":"2025-11-17T11:06:52","date_gmt":"2025-11-17T10:06:52","guid":{"rendered":"https:\/\/www.champdeniers.fr\/?post_type=tribe_events&#038;p=4463"},"modified":"2025-11-17T11:06:52","modified_gmt":"2025-11-17T10:06:52","slug":"trail-du-val-degray","status":"publish","type":"tribe_events","link":"https:\/\/www.champdeniers.fr\/index.php\/event\/trail-du-val-degray\/","title":{"rendered":"Trail du Val d&rsquo;Egray"},"content":{"rendered":"<div dir=\"auto\">L&rsquo;ouverture des inscriptions est fix\u00e9e au 23 novembre \u00e0 20h00.<\/div>\n<div dir=\"auto\"><\/div>\n<div dir=\"auto\">Comme pour l&rsquo;\u00e9dition 2025, vous aurez le choix entre quatre formats:<\/div>\n<ul>\n<li dir=\"auto\">Le D\u00e9fi long: 18,5km en nocturne samedi et 25km dimanche.<\/li>\n<li dir=\"auto\">Le D\u00e9fi court: 18,5km en nocturne samedi et 11,5km dimanche.<\/li>\n<li dir=\"auto\">Le mini Trail du Val d&rsquo;Egray: 11,5km dimanche.<\/li>\n<li dir=\"auto\">Le Trail du Val d&rsquo;Egray: 25km dimanche.<\/li>\n<\/ul>\n","protected":false},"excerpt":{"rendered":"<p>L&rsquo;ouverture des inscriptions est fix\u00e9e au 23 novembre \u00e0 20h00. Comme pour l&rsquo;\u00e9dition 2025, vous aurez le choix entre quatre formats: Le D\u00e9fi long: 18,5km en nocturne samedi et 25km [&hellip;]<\/p>\n","protected":false},"author":1,"featured_media":4465,"template":"","meta":{"_et_pb_use_builder":"","_et_pb_old_content":"","_et_gb_content_width":"","_tribe_events_status":"","_tribe_events_status_reason":"","footnotes":""},"tags":[],"tribe_events_cat":[],"class_list":["post-4463","tribe_events","type-tribe_events","status-publish","has-post-thumbnail","hentry"],"publishpress_future_workflow_manual_trigger":{"enabledWorkflows":[]},"_links":{"self":[{"href":"https:\/\/www.champdeniers.fr\/index.php\/wp-json\/wp\/v2\/tribe_events\/4463","targetHints":{"allow":["GET"]}}],"collection":[{"href":"https:\/\/www.champdeniers.fr\/index.php\/wp-json\/wp\/v2\/tribe_events"}],"about":[{"href":"https:\/\/www.champdeniers.fr\/index.php\/wp-json\/wp\/v2\/types\/tribe_events"}],"author":[{"embeddable":true,"href":"https:\/\/www.champdeniers.fr\/index.php\/wp-json\/wp\/v2\/users\/1"}],"version-history":[{"count":1,"href":"https:\/\/www.champdeniers.fr\/index.php\/wp-json\/wp\/v2\/tribe_events\/4463\/revisions"}],"predecessor-version":[{"id":4466,"href":"https:\/\/www.champdeniers.fr\/index.php\/wp-json\/wp\/v2\/tribe_events\/4463\/revisions\/4466"}],"wp:featuredmedia":[{"embeddable":true,"href":"https:\/\/www.champdeniers.fr\/index.php\/wp-json\/wp\/v2\/media\/4465"}],"wp:attachment":[{"href":"https:\/\/www.champdeniers.fr\/index.php\/wp-json\/wp\/v2\/media?parent=4463"}],"wp:term":[{"taxonomy":"post_tag","embeddable":true,"href":"https:\/\/www.champdeniers.fr\/index.php\/wp-json\/wp\/v2\/tags?post=4463"},{"taxonomy":"tribe_events_cat","embeddable":true,"href":"https:\/\/www.champdeniers.fr\/index.php\/wp-json\/wp\/v2\/tribe_events_cat?post=4463"}],"curies":[{"name":"wp","href":"https:\/\/api.w.org\/{rel}","templated":true}]}}

<div dir="auto">L&rsquo;ouverture des inscriptions est fixée au 23 novembre à 20h00.</div>
<div dir="auto"></div>
<div dir="auto">Comme pour l&rsquo;édition 2025, vous aurez le choix entre quatre formats:</div>
<ul>
<li dir="auto">Le Défi long: 18,5km en nocturne samedi et 25km dimanche.</li>
<li dir="auto">Le Défi court: 18,5km en nocturne samedi et 11,5km dimanche.</li>
<li dir="auto">Le mini Trail du Val d&rsquo;Egray: 11,5km dimanche.</li>
<li dir="auto">Le Trail du Val d&rsquo;Egray: 25km dimanche.</li>
</ul>

<p>L&rsquo;ouverture des inscriptions est fixée au 23 novembre à 20h00. Comme pour l&rsquo;édition 2025, vous aurez le choix entre quatre formats: Le Défi long: 18,5km en nocturne samedi et 25km [&hellip;]</p>
